 - -154. Calculate the highest common divisor of g and t.
80
Suppose 393 + 72 = -31*a. Let k be (a/20)/((49/7)/(-336)). Calculate the highest common divisor of k and 1080.
36
Suppose -2*n = 5*k - 617, 5*k = 2*n - 6*n + 619. Suppose k*q - 2 = 122*q. Suppose -q*j + 26 = -104. Calculate the greatest common divisor of j and 13.
13
Let t(v) = v**2 + 7*v + 31. Let n be t(9). What is the greatest common factor of n and 625?
25
Suppose 0 = -737*y + 751*y - 2450. Let a = 60 - 35. What is the highest common divisor of a and y?
25
Let g = -8 - -68. Let o be (18/10)/(3/(-10)). Let j be (-75)/6*2*o/10. Calculate the highest common factor of g and j.
15
Let x = -11188 + 17025. Calculate the highest common divisor of 13 and x.
13
Suppose -2*x + 46 = 4*i, 0*i - 4*i + 71 = 3*x. Suppose 17 = -4*t + x. Suppose g + 2 = 2*g. Calculate the greatest common divisor of g and t.
2
Let y(t) = t**2 + 7*t + 4. Let q be y(-5). Let r be (-3)/q*(0 - -54). Calculate the greatest common divisor of r and 297.
27
Suppose -3*g + 175 = 3*x - 299, x = 4*g - 627. Suppose 154*q = g*q - 1290. What is the highest common factor of 43 and q?
43
Let l(t) = -t**3 + t**2 + 3*t + 2. Let u be l(-2). Let w be (15/4)/5*u. Suppose -n + 18 + 1 = 1. Calculate the greatest common factor of w and n.
6
Let v(q) = -q**3 + 13*q**2 - 35*q - 4. Let s be v(6). Suppose 5*d = -4*u + 2*d + s, -4*d - 8 = 0. What is the highest common divisor of u and 297?
11
Let u(a) be the first derivative of -20*a**2 - 21*a + 64. Let f be u(-7). Calculate the greatest common factor of f and 7.
7
Let n(y) = -800*y**2 + 801*y**2 - 10 - 5*y - 19. Let t be n(-13). What is the greatest common divisor of t and 5?
5
Let w = 26 - 12. Suppose 156*v + 5*h + 296 = 159*v, -5*v + h = -552. Calculate the highest common divisor of v and w.
14
Let n be 75/(-5)*(-4)/10 - -4. Let v be ((-15)/n)/((-6)/12). Suppose 0 = v*c - 58 - 23. Calculate the greatest common divisor of c and 18.
9
Let y(t) = -16*t**2 + 206*t + 182. Let p be y(12). What is the highest common factor of p and 9520?
70
Suppose -3*a = 3*q + 2*a + 4, 2*q + a + 5 = 0. Let r = q + 12. Let w(s) = 4*s - 23. Let k be w(r). What is the highest common factor of k and 104?
13
Let a be (-1 + -2)*696/(-9). Let s(m) = -m**3 - 18*m**2 - 56*m + 29. Let c be s(-14). What is the highest common factor of a and c?
29
Let c(o) = 4*o**2 + 4*o + 72. Suppose 4*w + 20 = 0, 2*n + 2*n + 5*w = 15. Let p be c(n). Calculate the highest common divisor of p and 32.
32
Suppose 14 + 32 + 52 = 7*d. Calculate the highest common divisor of 5201 and d.
7
Let f be (-2*57/(-4))/(35/1050). What is the highest common divisor of 456 and f?
57
Suppose 2*f - 1200 = -3*f. Suppose 0 = -3*x - 3*m + 15, 4*x + m - 12 = 5*m. Suppose x*k - f = -2*k. Calculate the greatest common divisor of 16 and k.
8
Suppose 3*n + 0*n - 1045 + 997 = 0. Calculate the greatest common factor of 46 and n.
2
Let f = 4 - -16. Let d = 174 - 160. Let j = -9 + d. What is the highest common factor of f and j?
5
Let z(o) be the second derivative of o**4/4 - 7*o**3/6 + 9*o**2/2 - 4*o. Let j = -71 - -73. Let b be z(j). Calculate the highest common factor of 14 and b.
7
Suppose 3*q = -4*g + 1749, 107*q - 111*q + 5*g + 2394 = 0. Calculate the greatest common divisor of 5713 and q.
197
Suppose -5*r + 9480 = 9315. What is the highest common factor of r and 1056?
33
Suppose 10*h = 2663 - 593. Let n = -82 + 128. Calculate the greatest common factor of n and h.
23
Let g be (1 + (-26)/6)/(37/(-222)). Suppose 9*w + g = 11*w. What is the highest common divisor of 80 and w?
10
Suppose -1749 = 127*j - 23085. Calculate the greatest common factor of 2163 and j.
21
Let s be (-268)/6*-1 - 3/(-9). Let z = 48 - s. Let i be z - (-7 + -6*3/6). Calculate the highest common divisor of 13 and i.
13
Let m be (-6)/9 + (-20)/(-3). Suppose 2*a + 3*q + 1 = 3*a, -a - q + 5 = 0. Let r be (338/39)/(a/m). What is the greatest common factor of r and 117?
13
Let w = -1235 + 1245. Suppose 0*t + t = 4. Suppose t*y - 309 = -109. Calculate the highest common divisor of w and y.
10
Suppose -4*b - 507 = 77. Let y = b - -158. Let r(x) = 12*x. Let p be r(5). What is the highest common factor of y and p?
12
Let k = -92 + 148. Suppose 0 = -k*v + 58*v - 156. What is the highest common divisor of 26 and v?
26
Suppose 266 = -12*c + 878. Let i = c - 7. What is the greatest common divisor of 2 and i?
2
Let n(r) = -r**2 - 26*r + 734. Let l be n(-42). Calculate the highest common factor of l and 1643.
31
Let c = -130 + 265. Let f be 100/2 - (-8)/(8/5). Suppose 5*r + 4*v - f = 0, 0 = -5*r - v - v + 65. What is the greatest common divisor of c and r?
15
Suppose 72*g - 64*g - 2848 = 0. Let w = g + -228. What is the highest common factor of w and 320?
64
Suppose -81*g = 41*g + 158005 - 562069. Calculate the highest common factor of 576 and g.
144
Let v(m) = 4*m**2 - 99*m - 31. Let n be v(25). Let x(b) = -2*b**2 - 22*b - 49. Let h be x(n). Calculate the highest common divisor of 143 and h.
11
Let w(s) = -s**2 + 26*s - 44. Let b be w(24). Suppose 0 = -c + b*d + 39 - 16, c = 2*d + 17. What is the greatest common divisor of c and 22?
11
Let t(c) = 5*c**2 + 23*c + 41. Let h be t(-2). Suppose -h*z + 6096 = -2364. Calculate the highest common factor of z and 12.
12
Suppose 55*c + 1675 = 4535. Calculate the greatest common divisor of 442 and c.
26
Suppose 4*b - 3*j - 8 = 0, b = -5*j + 20 + 5. Suppose b*h = 107 + 28. Let y(u) = -78*u + 2367. Let n be y(30). What is the highest common divisor of n and h?
27
Let j(s) = 2*s**2 + 48*s - 2104. Let u be j(-63). Calculate the highest common divisor of 110 and u.
10
Suppose 0 = -3*j - 3*f + 231, 49*f + 28 = 53*f. What is the greatest common factor of 4570 and j?
10
Let b = -27 - -44. Let m(z) = 4*z**2 + 78*z + 116. Let u be m(-18). Let x be (-5043)/(-27) + (666/81 - u). What is the highest common divisor of b and x?
17
Let z = 648 - 180. Let c = z + -368. What is the highest common factor of c and 75?
25
Let w(v) = 3*v**2 - 576*v + 9426. Let m be w(17). What is the highest common divisor of 78 and m?
3
Let l(a) = 42*a**2 - 29*a + 61. Let p(u) = u**3 - 10*u**2 - u + 12. Let n be p(10). Let c be l(n). What is the highest common divisor of c and 9?
9
Suppose -692 = 30*j - 34*j. Suppose j*v - 1952 = 169*v. Calculate the greatest common factor of 8 and v.
8
Suppose 4*n = -4*k + 8, 3*n - n - 9 = -3*k. Suppose 18 = 2*r - 5*p - 3, 3*r - k*p = 29. Calculate the highest common factor of 128 and r.
8
Let y(m) = 10*m**3 + m + 1. Let h = -68 + 67. Let a be y(h). Let n be 2/a + ((-656)/(-5) - -2). Calculate the highest common factor of 19 and n.
19
Let y(t) = t**2 - 4. Let n be y(3). Suppose a = -o + 5, 0 = 5*o + n*a - a - 21. Let z = 10 - o. Calculate the highest common factor of z and 9.
9
Let p = -175 - -200. Calculate the highest common factor of 135 and p.
5
Let b be 4 + 42/(-56) + 1/(-4). What is the highest common factor of 93 and b?
3
Let o be -1 - 1*1*3*10168/(-123). What is the greatest common divisor of 665 and o?
19
Let p be ((-172)/(-12) - 5)*54/12. Suppose -12 = o - 4*o, -4*f - 5*o = -580. Calculate the greatest common factor of f and p.
14
Let u = 10998 - 9173. Calculate the greatest common divisor of u and 375.
25
Let n be (60 - (-6 - -3)) + (0 + -6 - -6). What is the highest common factor of 2016 and n?
63
Let g(k) = 28 + 349 + 45*k - 17*k. Let v be g(-5). Calculate the greatest common divisor of v and 79.
79
Let h = -87 - -65. Let p = h + 46. Calculate the highest common factor of p and 120.
24
Suppose 59*l - 47*l = 276. What is the greatest common divisor of l and 621?
23
Let k be (3/((-60)/(-112)))/(2/10). Suppose 3*g - 10 + k = 0. Let f be (-17)/(-2) - (-3)/g. Calculate the greatest common divisor of f and 8.
8
Let h(j) = -j**2 - 16*j. Let m be h(-16). Suppose -4*r + 6*r + 100 = m. Let c = r + 52. Calculate the greatest common divisor of c and 16.
2
Suppose 364 = 2*o + m, 2*o + 5*m = -3*o + 920. Calculate the highest common divisor of 348 and o.
12
Let o be 3503*-20*(-32)/80. What is the highest common factor of o and 248?
248
Suppose -383*n + 366*n = -1071. What is the highest common factor of n and 14?
7
Let k be (-14 - -44)/(-1 + 16/18). Let a = 446 + k. Suppose -526 + a = -7*q. What is the greatest common factor of q and 400?
50
Let g = -210 + 220. Suppose 22